{"id":498,"date":"2021-02-27T03:17:44","date_gmt":"2021-02-27T03:17:44","guid":{"rendered":"https:\/\/2-7teatro.com\/?page_id=498"},"modified":"2021-02-27T03:17:44","modified_gmt":"2021-02-27T03:17:44","slug":"el-lamento-del-minotauro","status":"publish","type":"page","link":"https:\/\/2-7teatro.com\/index.php\/el-lamento-del-minotauro\/","title":{"rendered":"El Lamento del Minotauro"},"content":{"rendered":"\n<div class=\"wp-block-media-text alignwide is-stacked-on-mobile\" style=\"grid-template-columns:40% auto\"><figure class=\"wp-block-media-text__media\"><img loading=\"lazy\" decoding=\"async\" width=\"1024\" height=\"680\" src=\"https:\/\/2-7teatro.com\/wp-content\/uploads\/2021\/02\/IMG-20190318-WA0012-1024x680.jpg\" alt=\"\" class=\"wp-image-385 size-full\" srcset=\"https:\/\/2-7teatro.com\/wp-content\/uploads\/2021\/02\/IMG-20190318-WA0012-1024x680.jpg 1024w, https:\/\/2-7teatro.com\/wp-content\/uploads\/2021\/02\/IMG-20190318-WA0012-300x199.jpg 300w, https:\/\/2-7teatro.com\/wp-content\/uploads\/2021\/02\/IMG-20190318-WA0012-768x510.jpg 768w, https:\/\/2-7teatro.com\/wp-content\/uploads\/2021\/02\/IMG-20190318-WA0012.jpg 1280w\" sizes=\"auto, (max-width: 1024px) 100vw, 1024px\" \/><\/figure><div class=\"wp-block-media-text__content\">\n<p class=\"has-black-color has-light-gray-background-color has-text-color has-background\" style=\"font-size:20px\">Se trata de un espect\u00e1culo multidisciplinario basado en el mito del Minotauro le\u00eddo desde el lenguaje contempor\u00e1neo que emplea el teatro f\u00edsico, la m\u00fasica en vivo y las nuevas tecnolog\u00edas. El montaje consta de estructuras movibles que permiten el juego de escenarios y proyecciones que crean diferentes atm\u00f3sferas acompa\u00f1adas por ensambles de percusi\u00f3n.<\/p>\n<\/div><\/div>\n\n\n\n<p class=\"has-black-color has-yellow-background-color has-text-color has-background\">En la mitolog\u00eda griega el Minotauro naci\u00f3 de Pasifae, esposa de Minos, despu\u00e9s de que Poseid\u00f3n hizo que se enamorara del toro como castigo a su esposo. El rey Minos avergonzado de la existencia del minotauro, lo encerr\u00f3 en un laberinto. Cada 9 a\u00f1os se le ofrec\u00edan doncellas para ser devoradas. Fedra y Ariadna, hermanas del minotauro, queriendo liberarse de la bestia buscan la ayuda de Teseo.<\/p>\n\n\n\n<figure class=\"wp-block-gallery columns-3 is-cropped wp-block-gallery-1 is-layout-flex wp-block-gallery-is-layout-flex\"><ul class=\"blocks-gallery-grid\"><li class=\"blocks-gallery-item\"><figure><img loading=\"lazy\" decoding=\"async\" width=\"400\" height=\"266\" src=\"https:\/\/2-7teatro.com\/wp-content\/uploads\/2021\/02\/set-mino-4-400x266-1.jpg\" alt=\"\" data-id=\"392\" data-full-url=\"https:\/\/2-7teatro.com\/wp-content\/uploads\/2021\/02\/set-mino-4-400x266-1.jpg\" data-link=\"https:\/\/2-7teatro.com\/index.php\/2021\/02\/24\/el-lamento-del-minotauro\/set-mino-4-400x266-1\/\" class=\"wp-image-392\" srcset=\"https:\/\/2-7teatro.com\/wp-content\/uploads\/2021\/02\/set-mino-4-400x266-1.jpg 400w, https:\/\/2-7teatro.com\/wp-content\/uploads\/2021\/02\/set-mino-4-400x266-1-300x200.jpg 300w\" sizes=\"auto, (max-width: 400px) 100vw, 400px\" \/><\/figure><\/li><li class=\"blocks-gallery-item\"><figure><img loading=\"lazy\" decoding=\"async\" width=\"400\" height=\"266\" src=\"https:\/\/2-7teatro.com\/wp-content\/uploads\/2021\/02\/set-mino-10-400x266-1.jpg\" alt=\"\" data-id=\"386\" data-full-url=\"https:\/\/2-7teatro.com\/wp-content\/uploads\/2021\/02\/set-mino-10-400x266-1.jpg\" data-link=\"https:\/\/2-7teatro.com\/index.php\/2021\/02\/24\/el-lamento-del-minotauro\/set-mino-10-400x266-1\/\" class=\"wp-image-386\" srcset=\"https:\/\/2-7teatro.com\/wp-content\/uploads\/2021\/02\/set-mino-10-400x266-1.jpg 400w, https:\/\/2-7teatro.com\/wp-content\/uploads\/2021\/02\/set-mino-10-400x266-1-300x200.jpg 300w\" sizes=\"auto, (max-width: 400px) 100vw, 400px\" \/><\/figure><\/li><li class=\"blocks-gallery-item\"><figure><img loading=\"lazy\" decoding=\"async\" width=\"400\" height=\"266\" src=\"https:\/\/2-7teatro.com\/wp-content\/uploads\/2021\/02\/set-mino-1-400x266-2.jpg\" alt=\"\" data-id=\"391\" data-full-url=\"https:\/\/2-7teatro.com\/wp-content\/uploads\/2021\/02\/set-mino-1-400x266-2.jpg\" data-link=\"https:\/\/2-7teatro.com\/index.php\/2021\/02\/24\/el-lamento-del-minotauro\/set-mino-1-400x266-2\/\" class=\"wp-image-391\" srcset=\"https:\/\/2-7teatro.com\/wp-content\/uploads\/2021\/02\/set-mino-1-400x266-2.jpg 400w, https:\/\/2-7teatro.com\/wp-content\/uploads\/2021\/02\/set-mino-1-400x266-2-300x200.jpg 300w\" sizes=\"auto, (max-width: 400px) 100vw, 400px\" \/><\/figure><\/li><li class=\"blocks-gallery-item\"><figure><img loading=\"lazy\" decoding=\"async\" width=\"400\" height=\"266\" src=\"https:\/\/2-7teatro.com\/wp-content\/uploads\/2021\/02\/set-mino-13-400x266-1.jpg\" alt=\"\" data-id=\"393\" data-full-url=\"https:\/\/2-7teatro.com\/wp-content\/uploads\/2021\/02\/set-mino-13-400x266-1.jpg\" data-link=\"https:\/\/2-7teatro.com\/index.php\/2021\/02\/24\/el-lamento-del-minotauro\/set-mino-13-400x266-1\/\" class=\"wp-image-393\" srcset=\"https:\/\/2-7teatro.com\/wp-content\/uploads\/2021\/02\/set-mino-13-400x266-1.jpg 400w, https:\/\/2-7teatro.com\/wp-content\/uploads\/2021\/02\/set-mino-13-400x266-1-300x200.jpg 300w\" sizes=\"auto, (max-width: 400px) 100vw, 400px\" \/><\/figure><\/li><li class=\"blocks-gallery-item\"><figure><img loading=\"lazy\" decoding=\"async\" width=\"400\" height=\"266\" src=\"https:\/\/2-7teatro.com\/wp-content\/uploads\/2021\/02\/set-mino-12-400x266-1.jpg\" alt=\"\" data-id=\"394\" data-full-url=\"https:\/\/2-7teatro.com\/wp-content\/uploads\/2021\/02\/set-mino-12-400x266-1.jpg\" data-link=\"https:\/\/2-7teatro.com\/index.php\/2021\/02\/24\/el-lamento-del-minotauro\/set-mino-12-400x266-1\/\" class=\"wp-image-394\" srcset=\"https:\/\/2-7teatro.com\/wp-content\/uploads\/2021\/02\/set-mino-12-400x266-1.jpg 400w, https:\/\/2-7teatro.com\/wp-content\/uploads\/2021\/02\/set-mino-12-400x266-1-300x200.jpg 300w\" sizes=\"auto, (max-width: 400px) 100vw, 400px\" \/><\/figure><\/li><li class=\"blocks-gallery-item\"><figure><img loading=\"lazy\" decoding=\"async\" width=\"1024\" height=\"682\" src=\"https:\/\/2-7teatro.com\/wp-content\/uploads\/2021\/02\/set-mino-9.jpg\" alt=\"\" data-id=\"395\" data-full-url=\"https:\/\/2-7teatro.com\/wp-content\/uploads\/2021\/02\/set-mino-9.jpg\" data-link=\"https:\/\/2-7teatro.com\/index.php\/2021\/02\/24\/el-lamento-del-minotauro\/set-mino-9\/\" class=\"wp-image-395\" srcset=\"https:\/\/2-7teatro.com\/wp-content\/uploads\/2021\/02\/set-mino-9.jpg 1024w, https:\/\/2-7teatro.com\/wp-content\/uploads\/2021\/02\/set-mino-9-300x200.jpg 300w, https:\/\/2-7teatro.com\/wp-content\/uploads\/2021\/02\/set-mino-9-768x512.jpg 768w\" sizes=\"auto, (max-width: 1024px) 100vw, 1024px\" \/><\/figure><\/li><\/ul><\/figure>\n\n\n\n<p><\/p>\n<!-- AddThis Advanced Settings generic via filter on the_content -->","protected":false},"excerpt":{"rendered":"<p>Se trata de un espect\u00e1culo multidisciplinario basado en el mito del Minotauro le\u00eddo desde el lenguaje contempor\u00e1neo que emplea el<\/p>\n<p><a href=\"https:\/\/2-7teatro.com\/index.php\/el-lamento-del-minotauro\/\" class=\"more-link\">Continue reading<span class=\"screen-reader-text\">El Lamento del Minotauro<\/span><\/a><\/p>\n<p><!-- AddThis Advanced Settings generic via filter on get_the_excerpt --><\/p>\n","protected":false},"author":2,"featured_media":0,"parent":0,"menu_order":0,"comment_status":"closed","ping_status":"closed","template":"","meta":{"footnotes":""},"class_list":["post-498","page","type-page","status-publish","hentry"],"_links":{"self":[{"href":"https:\/\/2-7teatro.com\/index.php\/wp-json\/wp\/v2\/pages\/498","targetHints":{"allow":["GET"]}}],"collection":[{"href":"https:\/\/2-7teatro.com\/index.php\/wp-json\/wp\/v2\/pages"}],"about":[{"href":"https:\/\/2-7teatro.com\/index.php\/wp-json\/wp\/v2\/types\/page"}],"author":[{"embeddable":true,"href":"https:\/\/2-7teatro.com\/index.php\/wp-json\/wp\/v2\/users\/2"}],"replies":[{"embeddable":true,"href":"https:\/\/2-7teatro.com\/index.php\/wp-json\/wp\/v2\/comments?post=498"}],"version-history":[{"count":1,"href":"https:\/\/2-7teatro.com\/index.php\/wp-json\/wp\/v2\/pages\/498\/revisions"}],"predecessor-version":[{"id":499,"href":"https:\/\/2-7teatro.com\/index.php\/wp-json\/wp\/v2\/pages\/498\/revisions\/499"}],"wp:attachment":[{"href":"https:\/\/2-7teatro.com\/index.php\/wp-json\/wp\/v2\/media?parent=498"}],"curies":[{"name":"wp","href":"https:\/\/api.w.org\/{rel}","templated":true}]}}