{"id":201,"date":"2021-02-21T00:55:41","date_gmt":"2021-02-21T00:55:41","guid":{"rendered":"https:\/\/2-7teatro.com\/?page_id=201"},"modified":"2024-04-11T17:41:18","modified_gmt":"2024-04-11T17:41:18","slug":"cristina-silva","status":"publish","type":"page","link":"https:\/\/2-7teatro.com\/index.php\/cristina-silva\/","title":{"rendered":"Cristina Silva"},"content":{"rendered":"\n<div class=\"wp-block-media-text alignwide is-stacked-on-mobile\" style=\"grid-template-columns:20% auto\"><figure class=\"wp-block-media-text__media\"><img loading=\"lazy\" decoding=\"async\" width=\"683\" height=\"1024\" src=\"https:\/\/2-7teatro.com\/wp-content\/uploads\/2024\/04\/IMG_6560-683x1024.jpg\" alt=\"\" class=\"wp-image-621 size-full\" srcset=\"https:\/\/2-7teatro.com\/wp-content\/uploads\/2024\/04\/IMG_6560-683x1024.jpg 683w, https:\/\/2-7teatro.com\/wp-content\/uploads\/2024\/04\/IMG_6560-200x300.jpg 200w, https:\/\/2-7teatro.com\/wp-content\/uploads\/2024\/04\/IMG_6560-768x1152.jpg 768w, https:\/\/2-7teatro.com\/wp-content\/uploads\/2024\/04\/IMG_6560-1024x1536.jpg 1024w, https:\/\/2-7teatro.com\/wp-content\/uploads\/2024\/04\/IMG_6560-1365x2048.jpg 1365w, https:\/\/2-7teatro.com\/wp-content\/uploads\/2024\/04\/IMG_6560-scaled.jpg 1707w\" sizes=\"auto, (max-width: 683px) 100vw, 683px\" \/><\/figure><div class=\"wp-block-media-text__content\">\n<p class=\"has-white-color has-text-color has-link-color wp-elements-7f423447ba1d9c324c92e10ab6b7002b\">Egresada de la maestr\u00eda en Dise\u00f1o Sonoro del Centro Universitario de M\u00fasica Fermatta, con licenciatura en m\u00fasica con \u00e9nfasis en instrumento. Curs\u00f3 estudios superiores en la Universidad Aut\u00f3noma de Zacatecas (UAZ) y la Universidad Veracruzana (UV).<\/p>\n\n\n\n<p class=\"has-white-color has-text-color has-link-color wp-elements-bddbade84f60ad034b144af8ebb5b2b3\">Se ha desempe\u00f1ado como ingeniera de mezcla y edici\u00f3n de audio en el estudio de doblaje Meliorem, donde realiz\u00f3 proyectos de cine y televisi\u00f3n de varios pa\u00edses. Adem\u00e1s es miembro activo de la compa\u00f1\u00eda 2\/7 Teatro donde se desempe\u00f1a como productora ejecutiva y musicalizadora.<\/p>\n\n\n\n<p class=\"has-white-color has-text-color has-link-color wp-elements-185aec0e36cdcf9321ffcf987bbe3e42\">Ha realizado la m\u00fasica original para diferentes proyectos como el cortometraje &#8220;La sangre interior&#8221; (2021) y los montajes &#8220;El lamento del minotauro&#8221;, &#8220;Eterno y femenino&#8221;, &#8220;Andar con los pies sueltos&#8221; para la compa\u00f1\u00eda 2\/7 Teatro, ademas &#8220;Ni\u00f1o de Octubre&#8221; para el Programa Nacional de Teatro Escolar 2014.<\/p>\n\n\n\n<p class=\"has-white-color has-text-color has-link-color wp-elements-52cf6da2c618f36780da6fb98962a747\">Ha recibido diferentes premios y reconocimientos entre los que destacan:<\/p>\n\n\n\n<ul class=\"wp-block-list\">\n<li>Premio Estatal de La Juventud Zacatecas (2021)<\/li>\n\n\n\n<li>Encuentro Nacional de la Artes (2020 y 20023)<\/li>\n\n\n\n<li>Circuito Nacional de Artes Esc\u00e9nicas: Teatro y espacios independientes (2022 y 2023)<\/li>\n\n\n\n<li>Programa Nacional de Desarrollo Cultural para la Juventud (2018)<\/li>\n\n\n\n<li>Primer premio en la Muestra Estatal de Teatro Zacatecas (2018)<\/li>\n\n\n\n<li>CNBES (2015)<\/li>\n\n\n\n<li>PECDAZ (2013)<\/li>\n<\/ul>\n\n\n\n<p class=\"has-large-font-size\"><\/p>\n\n\n\n<p><\/p>\n\n\n\n<p><\/p>\n<\/div><\/div>\n<!-- AddThis Advanced Settings generic via filter on the_content -->","protected":false},"excerpt":{"rendered":"<p><!-- AddThis Advanced Settings generic via filter on get_the_excerpt --><\/p>\n","protected":false},"author":2,"featured_media":0,"parent":0,"menu_order":0,"comment_status":"closed","ping_status":"closed","template":"","meta":{"footnotes":""},"class_list":["post-201","page","type-page","status-publish","hentry"],"_links":{"self":[{"href":"https:\/\/2-7teatro.com\/index.php\/wp-json\/wp\/v2\/pages\/201","targetHints":{"allow":["GET"]}}],"collection":[{"href":"https:\/\/2-7teatro.com\/index.php\/wp-json\/wp\/v2\/pages"}],"about":[{"href":"https:\/\/2-7teatro.com\/index.php\/wp-json\/wp\/v2\/types\/page"}],"author":[{"embeddable":true,"href":"https:\/\/2-7teatro.com\/index.php\/wp-json\/wp\/v2\/users\/2"}],"replies":[{"embeddable":true,"href":"https:\/\/2-7teatro.com\/index.php\/wp-json\/wp\/v2\/comments?post=201"}],"version-history":[{"count":15,"href":"https:\/\/2-7teatro.com\/index.php\/wp-json\/wp\/v2\/pages\/201\/revisions"}],"predecessor-version":[{"id":635,"href":"https:\/\/2-7teatro.com\/index.php\/wp-json\/wp\/v2\/pages\/201\/revisions\/635"}],"wp:attachment":[{"href":"https:\/\/2-7teatro.com\/index.php\/wp-json\/wp\/v2\/media?parent=201"}],"curies":[{"name":"wp","href":"https:\/\/api.w.org\/{rel}","templated":true}]}}

<div class="wp-block-media-text alignwide is-stacked-on-mobile" style="grid-template-columns:20% auto"><figure class="wp-block-media-text__media"><img loading="lazy" decoding="async" width="683" height="1024" src="https://2-7teatro.com/wp-content/uploads/2024/04/IMG_6560-683x1024.jpg" alt="" class="wp-image-621 size-full" srcset="https://2-7teatro.com/wp-content/uploads/2024/04/IMG_6560-683x1024.jpg 683w, https://2-7teatro.com/wp-content/uploads/2024/04/IMG_6560-200x300.jpg 200w, https://2-7teatro.com/wp-content/uploads/2024/04/IMG_6560-768x1152.jpg 768w, https://2-7teatro.com/wp-content/uploads/2024/04/IMG_6560-1024x1536.jpg 1024w, https://2-7teatro.com/wp-content/uploads/2024/04/IMG_6560-1365x2048.jpg 1365w, https://2-7teatro.com/wp-content/uploads/2024/04/IMG_6560-scaled.jpg 1707w" sizes="auto, (max-width: 683px) 100vw, 683px" /></figure><div class="wp-block-media-text__content">
<p class="has-white-color has-text-color has-link-color wp-elements-7f423447ba1d9c324c92e10ab6b7002b">Egresada de la maestría en Diseño Sonoro del Centro Universitario de Música Fermatta, con licenciatura en música con énfasis en instrumento. Cursó estudios superiores en la Universidad Autónoma de Zacatecas (UAZ) y la Universidad Veracruzana (UV).</p>



<p class="has-white-color has-text-color has-link-color wp-elements-bddbade84f60ad034b144af8ebb5b2b3">Se ha desempeñado como ingeniera de mezcla y edición de audio en el estudio de doblaje Meliorem, donde realizó proyectos de cine y televisión de varios países. Además es miembro activo de la compañía 2/7 Teatro donde se desempeña como productora ejecutiva y musicalizadora.</p>



<p class="has-white-color has-text-color has-link-color wp-elements-185aec0e36cdcf9321ffcf987bbe3e42">Ha realizado la música original para diferentes proyectos como el cortometraje &#8220;La sangre interior&#8221; (2021) y los montajes &#8220;El lamento del minotauro&#8221;, &#8220;Eterno y femenino&#8221;, &#8220;Andar con los pies sueltos&#8221; para la compañía 2/7 Teatro, ademas &#8220;Niño de Octubre&#8221; para el Programa Nacional de Teatro Escolar 2014.</p>



<p class="has-white-color has-text-color has-link-color wp-elements-52cf6da2c618f36780da6fb98962a747">Ha recibido diferentes premios y reconocimientos entre los que destacan:</p>



<ul class="wp-block-list">
<li>Premio Estatal de La Juventud Zacatecas (2021)</li>



<li>Encuentro Nacional de la Artes (2020 y 20023)</li>



<li>Circuito Nacional de Artes Escénicas: Teatro y espacios independientes (2022 y 2023)</li>



<li>Programa Nacional de Desarrollo Cultural para la Juventud (2018)</li>



<li>Primer premio en la Muestra Estatal de Teatro Zacatecas (2018)</li>



<li>CNBES (2015)</li>



<li>PECDAZ (2013)</li>
</ul>



<p class="has-large-font-size"></p>



<p></p>



<p></p>
</div></div>
<!-- AddThis Advanced Settings generic via filter on the_content -->
