{"id":199,"date":"2021-02-21T00:55:17","date_gmt":"2021-02-21T00:55:17","guid":{"rendered":"https:\/\/2-7teatro.com\/?page_id=199"},"modified":"2024-06-05T17:45:48","modified_gmt":"2024-06-05T17:45:48","slug":"selene-silva","status":"publish","type":"page","link":"https:\/\/2-7teatro.com\/index.php\/selene-silva\/","title":{"rendered":"Selene Silva"},"content":{"rendered":"\n<div class=\"wp-block-media-text alignwide is-stacked-on-mobile is-vertically-aligned-center\" style=\"grid-template-columns:25% auto\"><figure class=\"wp-block-media-text__media\"><img loading=\"lazy\" decoding=\"async\" width=\"683\" height=\"1024\" src=\"https:\/\/2-7teatro.com\/wp-content\/uploads\/2024\/04\/IMG_6547-683x1024.jpg\" alt=\"\" class=\"wp-image-620 size-full\" srcset=\"https:\/\/2-7teatro.com\/wp-content\/uploads\/2024\/04\/IMG_6547-683x1024.jpg 683w, https:\/\/2-7teatro.com\/wp-content\/uploads\/2024\/04\/IMG_6547-200x300.jpg 200w, https:\/\/2-7teatro.com\/wp-content\/uploads\/2024\/04\/IMG_6547-768x1152.jpg 768w, https:\/\/2-7teatro.com\/wp-content\/uploads\/2024\/04\/IMG_6547-1024x1536.jpg 1024w, https:\/\/2-7teatro.com\/wp-content\/uploads\/2024\/04\/IMG_6547-1365x2048.jpg 1365w, https:\/\/2-7teatro.com\/wp-content\/uploads\/2024\/04\/IMG_6547-scaled.jpg 1707w\" sizes=\"auto, (max-width: 683px) 100vw, 683px\" \/><\/figure><div class=\"wp-block-media-text__content\">\n<p class=\"has-white-color has-text-color has-link-color wp-elements-315454351472e1d49be9c1cc3c16d68d\">Selene Silva es licenciada con menci\u00f3n honor\u00edfica en Artes con orientaci\u00f3n en Artes Esc\u00e9nicas- Teatro por la Universidad Aut\u00f3noma de Zacatecas. En 2021 obtuvo el Premio Estatal de la Juventud en la categor\u00eda de Teatro. Adem\u00e1s cuenta con formaci\u00f3n en diferentes disciplinas danc\u00edsticas como danza contempor\u00e1nea, danza folcl\u00f3rica, ballet y bailes de sal\u00f3n.<\/p>\n\n\n\n<p class=\"has-white-color has-text-color has-link-color wp-elements-cad250e14511aa4d1b018bc4ad71ca3a\">En 2019 curs\u00f3 un a\u00f1o de formaci\u00f3n de la Escuela Internacional de Mimo y Teatro Gestual Nouveau Colombier en Madrid, Espa\u00f1a donde aprendi\u00f3 las t\u00e9cnicas de mimo corporal dram\u00e1tico, mimo style y Lecoq del actor Jos\u00e9 Pirirs, disc\u00edpulo de Marcel Marceau.<\/p>\n\n\n\n<p class=\"has-white-color has-text-color has-link-color wp-elements-42a747e9157e65be7e866ad2b2c0a48d\">En 2017 form\u00f3 la compa\u00f1\u00eda 2\/7 Teatro en donde se desempe\u00f1a como directora, actriz y dise\u00f1adora de vestuario. Sus obras se han presentado en diferentes festivales nacionales e internacionales y ha obtenido diferentes est\u00edmulos y premios nacionales y estatales entre los que destacan:<\/p>\n\n\n\n<ul class=\"has-white-color has-text-color has-link-color wp-block-list wp-elements-aabcacf36691b5ecbaad93144b34e7a2\">\n<li>Circuito Nacional de Artes Esc\u00e9nicas. Teatro y Espacios Independientes 2022<\/li>\n\n\n\n<li>Premio Estatal de la Juventud 2021. Categor\u00eda: Artes Esc\u00e9nicas- Teatro<\/li>\n\n\n\n<li>M\u00e9xico: Encuentro de Artes Esc\u00e9nicas (FONCA) 2020<\/li>\n\n\n\n<li>PECDA- Categor\u00eda:Formaci\u00f3n art\u00edstica en el extranjero (2019)<\/li>\n\n\n\n<li>Primer premio en la Muestra Estatal de Teatro Zacatecas y representante del Estado de Zacatecas en la Muestra Regional de Teatro Centro-Occidente (2018)<\/li>\n<\/ul>\n\n\n\n<p class=\"has-white-color has-text-color has-link-color wp-elements-f5ddbb3aeb4248f2eac3c80fb2e28b35\">Ha realizado diversos cursos de especializaci\u00f3n en dise\u00f1o esc\u00e9nico y direcci\u00f3n como el Diplomado de Actualizaci\u00f3n Profesional en Direcci\u00f3n de Escena ofertado por el Instituto Nacional de Bellas Artes (INBA) en 2018 y el diplomado en Dise\u00f1o Esc\u00e9nico: Escenograf\u00eda e iluminaci\u00f3n en PHI\/Contempoesc\u00e9nica SAS y Onirismos A.C. en 2020.<\/p>\n<\/div><\/div>\n<!-- AddThis Advanced Settings generic via filter on the_content -->","protected":false},"excerpt":{"rendered":"<p><!-- AddThis Advanced Settings generic via filter on get_the_excerpt --><\/p>\n","protected":false},"author":2,"featured_media":0,"parent":0,"menu_order":0,"comment_status":"closed","ping_status":"closed","template":"","meta":{"footnotes":""},"class_list":["post-199","page","type-page","status-publish","hentry"],"_links":{"self":[{"href":"https:\/\/2-7teatro.com\/index.php\/wp-json\/wp\/v2\/pages\/199","targetHints":{"allow":["GET"]}}],"collection":[{"href":"https:\/\/2-7teatro.com\/index.php\/wp-json\/wp\/v2\/pages"}],"about":[{"href":"https:\/\/2-7teatro.com\/index.php\/wp-json\/wp\/v2\/types\/page"}],"author":[{"embeddable":true,"href":"https:\/\/2-7teatro.com\/index.php\/wp-json\/wp\/v2\/users\/2"}],"replies":[{"embeddable":true,"href":"https:\/\/2-7teatro.com\/index.php\/wp-json\/wp\/v2\/comments?post=199"}],"version-history":[{"count":14,"href":"https:\/\/2-7teatro.com\/index.php\/wp-json\/wp\/v2\/pages\/199\/revisions"}],"predecessor-version":[{"id":834,"href":"https:\/\/2-7teatro.com\/index.php\/wp-json\/wp\/v2\/pages\/199\/revisions\/834"}],"wp:attachment":[{"href":"https:\/\/2-7teatro.com\/index.php\/wp-json\/wp\/v2\/media?parent=199"}],"curies":[{"name":"wp","href":"https:\/\/api.w.org\/{rel}","templated":true}]}}

<div class="wp-block-media-text alignwide is-stacked-on-mobile is-vertically-aligned-center" style="grid-template-columns:25% auto"><figure class="wp-block-media-text__media"><img loading="lazy" decoding="async" width="683" height="1024" src="https://2-7teatro.com/wp-content/uploads/2024/04/IMG_6547-683x1024.jpg" alt="" class="wp-image-620 size-full" srcset="https://2-7teatro.com/wp-content/uploads/2024/04/IMG_6547-683x1024.jpg 683w, https://2-7teatro.com/wp-content/uploads/2024/04/IMG_6547-200x300.jpg 200w, https://2-7teatro.com/wp-content/uploads/2024/04/IMG_6547-768x1152.jpg 768w, https://2-7teatro.com/wp-content/uploads/2024/04/IMG_6547-1024x1536.jpg 1024w, https://2-7teatro.com/wp-content/uploads/2024/04/IMG_6547-1365x2048.jpg 1365w, https://2-7teatro.com/wp-content/uploads/2024/04/IMG_6547-scaled.jpg 1707w" sizes="auto, (max-width: 683px) 100vw, 683px" /></figure><div class="wp-block-media-text__content">
<p class="has-white-color has-text-color has-link-color wp-elements-315454351472e1d49be9c1cc3c16d68d">Selene Silva es licenciada con mención honorífica en Artes con orientación en Artes Escénicas- Teatro por la Universidad Autónoma de Zacatecas. En 2021 obtuvo el Premio Estatal de la Juventud en la categoría de Teatro. Además cuenta con formación en diferentes disciplinas dancísticas como danza contemporánea, danza folclórica, ballet y bailes de salón.</p>



<p class="has-white-color has-text-color has-link-color wp-elements-cad250e14511aa4d1b018bc4ad71ca3a">En 2019 cursó un año de formación de la Escuela Internacional de Mimo y Teatro Gestual Nouveau Colombier en Madrid, España donde aprendió las técnicas de mimo corporal dramático, mimo style y Lecoq del actor José Pirirs, discípulo de Marcel Marceau.</p>



<p class="has-white-color has-text-color has-link-color wp-elements-42a747e9157e65be7e866ad2b2c0a48d">En 2017 formó la compañía 2/7 Teatro en donde se desempeña como directora, actriz y diseñadora de vestuario. Sus obras se han presentado en diferentes festivales nacionales e internacionales y ha obtenido diferentes estímulos y premios nacionales y estatales entre los que destacan:</p>



<ul class="has-white-color has-text-color has-link-color wp-block-list wp-elements-aabcacf36691b5ecbaad93144b34e7a2">
<li>Circuito Nacional de Artes Escénicas. Teatro y Espacios Independientes 2022</li>



<li>Premio Estatal de la Juventud 2021. Categoría: Artes Escénicas- Teatro</li>



<li>México: Encuentro de Artes Escénicas (FONCA) 2020</li>



<li>PECDA- Categoría:Formación artística en el extranjero (2019)</li>



<li>Primer premio en la Muestra Estatal de Teatro Zacatecas y representante del Estado de Zacatecas en la Muestra Regional de Teatro Centro-Occidente (2018)</li>
</ul>



<p class="has-white-color has-text-color has-link-color wp-elements-f5ddbb3aeb4248f2eac3c80fb2e28b35">Ha realizado diversos cursos de especialización en diseño escénico y dirección como el Diplomado de Actualización Profesional en Dirección de Escena ofertado por el Instituto Nacional de Bellas Artes (INBA) en 2018 y el diplomado en Diseño Escénico: Escenografía e iluminación en PHI/Contempoescénica SAS y Onirismos A.C. en 2020.</p>
</div></div>
<!-- AddThis Advanced Settings generic via filter on the_content -->
